l = -0*c - 575, 0 = -2*c + 3*l + 230. Let r = c - 48. What is the remainder when r is divided by 35?
32
Let h(w) = 3*w**2 - 11. Calculate the remainder when h(-5) is divided by 23.
18
Calculate the remainder when 45 is divided by (-44)/(-2) + (-3)/(3/(-1)).
22
Let k(j) = -j**3 - 6*j**2 - j + 4. Let r(d) = -6*d**2 - d - 1. Let s be r(-1). Calculate the remainder when 19 is divided by k(s).
9
Suppose 294 = -16*l + 22*l. Calculate the remainder when l is divided by 13.
10
Let j(l) = l - 3. Suppose -4*b + 0*b = -5*k + 19, 0 = 4*b - k + 7. What is the remainder when (-2)/(b - 1 - -1) is divided by j(4)?
0
What is the remainder when 9 is divided by (-1)/5 - 31/(-5)?
3
Let z = -126 - -78. Let m = z + 91. What is the remainder when m is divided by 11?
10
Let o = -13 - -19. Let f = -23 + 32. Let x(w) = 3*w - 11. Calculate the remainder when x(f) is divided by o.
4
Let g(q) = 8*q + 1. Let k(l) = -l - 1. Let d(f) = g(f) + 2*k(f). Calculate the remainder when d(1) is divided by 3.
2
Calculate the remainder when 3 + 3/(-1) + 109 is divided by 28.
25
Suppose -c + 3 = -0*c. Let y = -2 + c. Calculate the remainder when -1 + 39 - y/1 is divided by 13.
11
Suppose -2*u - 2*u + 52 = 0. Calculate the remainder when 51 is divided by u.
12
Suppose i + 6 = 13. Suppose -5*a = -34 - 91. What is the remainder when a is divided by i?
4
Let j(b) = -18*b**2 + 3*b + 3. Let s be j(-2). Let l = 132 + s. What is the remainder when l is divided by 15?
12
Let s be -6*2/((-12)/9). Let g(m) = m + 3. What is the remainder when 33 is divided by g(s)?
9
Let o = 4 + 5. Calculate the remainder when 2 is divided by o/(-6)*16/(-12).
0
Suppose -4*q - 12 = -10*q. Suppose 0 = 3*a - q*m + 31 - 95, -5*m + 49 = 2*a. Calculate the remainder when 64 is divided by a.
20
Suppose -6 = 5*k - 2*t - 3, 3*k - 3*t = 0. Let h be 1/(3/21) + k. Calculate the remainder when (-4)/12 - (-254)/h is divided by 22.
20
Let n = -54 + 186. What is the remainder when n is divided by 34?
30
Let f(g) = 2*g - 7. Calculate the remainder when f(17) is divided by 8.
3
Let v = 18 - 8. Let j = 51 - v. What is the remainder when j is divided by 11?
8
Let k = 1 + 2. Suppose -k*v = 2*b - 91, 2*v + v - 2*b = 83. Calculate the remainder when v is divided by 15.
14
Suppose -s + 25 = 3*d, -1 = -d + 2*s - 2. Let t(k) = k**3 - 5*k**2 - 6*k + 2. Calculate the remainder when d is divided by t(6).
1
Suppose -7*y = -3*y - 360. Calculate the remainder when y is divided by 47.
43
Suppose 4*z - 35 = -z. Let j = z - -18. What is the remainder when j is divided by (-2 - 2)*18/(-8)?
7
Let n(w) = -w**3 - 8*w**2 - 8*w + 5. Suppose -18*u + 268 = -128. What is the remainder when u is divided by n(-7)?
10
Let h = 40 - -12. Suppose -2*z + h = -0*z. Calculate the remainder when z is divided by 9.
8
Suppose -2*q + 6*q - 5*b + 7 = 0, -5*b = 5. Calculate the remainder when (-2)/4*(q - -1) is divided by 1.
0
Let z(o) = o**2 + 4*o - 6. Let v be z(-6). What is the remainder when 50/v + 14/21 is divided by 5?
4
Let p = 85 - 53. Calculate the remainder when p is divided by 9.
5
Let s be (-1 + -2 + 3)/3. Suppose 0 = -x - s*x + 27. What is the remainder when 52 is divided by x?
25
Suppose -d - 12 = -2*d. Suppose -4*r + d = -0. Calculate the remainder when 22 is divided by (4/r)/((-2)/(-12)).
6
Let p = -8 + 17. What is the remainder when 43 is divided by p?
7
Suppose -3*m - 2 - 7 = -h, -m + 36 = 4*h. What is the remainder when 33 is divided by h?
6
Let b(u) = u**2 + 17*u - 46. Calculate the remainder when 36 is divided by b(-20).
8
Suppose 15 + 10 = 5*t. Suppose -n + 0*a + 22 = -5*a, -2*a - 25 = t*n. Let l = 6 + n. What is the remainder when 5 is divided by l?
2
Suppose 7*v - 50 = 2*v. What is the remainder when 39 is divided by v?
9
Suppose 0 = 26*n - 21*n - 55. Calculate the remainder when 63 is divided by n.
8
Let v(g) = -g**2 + g + 20. Let p(u) = -8*u - 1. Calculate the remainder when v(0) is divided by p(-1).
6
Suppose 6*h + 12 = 7*h. Calculate the remainder when 26 is divided by (5 - 3) + h*1.
12
Let g(v) = v**2 + v + 49. What is the remainder when g(0) is divided by 13?
10
Let j(m) = -4*m - 4. Suppose 3 = 5*o - 4*o - 3*g, 0 = -2*o + 5*g + 8. Calculate the remainder when j(-5) is divided by o.
7
Suppose 4*t + 43 + 14 = 3*q, 3*q + 5*t = 57. What is the remainder when q is divided by 7?
5
Suppose 4*r + r = 25. Calculate the remainder when r is divided by 2.
1
Let y = 68 + -48. Let t = 2 + 1. Suppose -t*f = -61 - 53. What is the remainder when f is divided by y?
18
Let u = -108 + 156. Suppose 15 = 3*w - 36. What is the remainder when u is divided by w?
14
Let u = 29 - 16. Suppose -41 = -4*y + 107. Calculate the remainder when y is divided by u.
11
Suppose -2*f = -2, 18 + 19 = 3*k - 2*f. What is the remainder when (-4 + 80)/(1 + 1) - 1 is divided by k?
11
Let w(h) = 4*h + 1. What is the remainder when 23 is divided by w(3)?
10
Let q = 7 + -6. What is the remainder when (-26 + 0)/(-2)*q is divided by 5?
3
Let p = 20 - -45. Suppose 5*z + 87 + 63 = 0. Let b = -8 - z. Calculate the remainder when p is divided by b.
21
Suppose -c - 5*s = -16, -2*c + 0*s - 2*s = 0. Let l(t) be the first derivative of 5*t**3/3 + t**2 + t - 19. Calculate the remainder when l(c) is divided by 19.
16
Suppose 4*c - 68 - 72 = 0. Suppose 5*k = 5*f - c, 0 = 4*f - 7*f - 4*k. Calculate the remainder when -14*15/(-20)*(-4)/(-6) is divided by f.
3
Suppose x - 4 = -0*x. Suppose 0 = 6*g - 33 - 33. Suppose -75 = -x*n - g. Calculate the remainder when 31 is divided by n.
15
Let b = 17 - 11. What is the remainder when 11 is divided by b?
5
Let n(y) be the second derivative of -2/3*y**4 - 3/2*y**3 - y + 2*y**2 - 1/20*y**5 + 0. What is the remainder when 52 is divided by n(-7)?
16
Calculate the remainder when 514/4 + 24/16 is divided by 22.
20
What is the remainder when (-60)/(-1)*1/2 is divided by 16?
14
Let a = 2 - -11. What is the remainder when 115 is divided by a?
11
Let n be ((-5)/(-2) - 2)*4. Suppose -9 = -n*u + 11. What is the remainder when 29 is divided by u?
9
Let t(q) = q**3 + 3*q**2 - 4*q + 4. Let v(i) = i**2 - 6. What is the remainder when v(-4) is divided by t(-4)?
2
Let c be (-5)/30 + (-129)/(-18). Let p = 1 + 0. Calculate the remainder when 49 is divided by c*2 - (2 - p).
10
Suppose -1 + 3 = -4*i + d, 0 = -i + d - 2. Suppose i = y + 4*y - 90. Suppose -156 = -3*c - 0*c. What is the remainder when c is divided by y?
16
Calculate the remainder when 76 is divided by (-6)/(-9) - 304/(-12).
24
Suppose -3*p - 2 = 1. Let w = p - -10. What is the remainder when w is divided by 5?
4
Let k(o) = o**3 - 3. Let l be k(0). Let b(c) be the third derivative of -c**5/60 - c**4/6 - c**3/6 - c**2. What is the remainder when 2 is divided by b(l)?
0
Let s(o) = -o**2 - 15*o - 15. Calculate the remainder when s(-9) is divided by 14.
11
Suppose 6*a - 33 = 5*a. Let z = -1 - -10. What is the remainder when a is divided by z?
6
Suppose 0 = -m - 3*m - 20. Calculate the remainder when 24 is divided by (-43)/m + (-6)/(-15).
6
Suppose 2 = 5*s - 8, 0 = 2*v - 4*s - 12. Let l = -2 + 4. Suppose 0 = 2*p - l, 0 = -5*t - 0*t + p + 94. Calculate the remainder when t is divided by v.
9
Calculate the remainder when 3*10/(-8)*-4 is divided by 4.
3
Let q = 1 - -1. Suppose u + 67 = q*u. Suppose -u = -3*y + 3*d - d, 0 = -y - 4*d + 13. What is the remainder when y is divided by 11?
10
Let o = 39 - 29. Let z be (-2 - 29)*(-2)/(-2). Let a = z + 49. Calculate the remainder when a is divided by o.
8
Let o(j) = 6*j**2 - 3*j - 1. Calculate the remainder when o(-2) is divided by 1 - (-11 + (-3)/1).
14
Calculate the remainder when 0 + 1 + 44 + 2 is divided by 12.
11
Let j = -8 - -21. Calculate the remainder when 64 is divided by j.
12
Let m be (-48)/(-18)*(-6)/(-4). Suppose 0 = h + m*h - 60. Suppose 4*s + 2*t = 98, 4*t = -3*s + 106 - 25. What is the remainder when s is divided by h?
11
Calculate the remainder when ((-111)/74)/(6/(-52)) is divided by (-33)/(-9) + (-2)/(-6).
1
Suppose 0 = -6*w + 14*w - 256. What is the remainder when 92 is divided by w?
28
Suppose 2*i = 6 + 16. What is the remainder when 54 is divided by i?
10
Let l = -30 - -4. Calculate the remainder when 8 is divided by (-117)/l*2/3.
2
Let f(x) = 2*x - 8. Let j be f(6). Suppose 5*i - 2*s - 129 = 0, -123 = -0*i - j*i - 5*s. What is the remainder when i is divided by